{"id":12,"date":"2008-05-19T18:45:03","date_gmt":"2008-05-19T16:45:03","guid":{"rendered":"http:\/\/localhost:8888\/wordpress\/?page_id=12"},"modified":"2020-05-15T02:24:19","modified_gmt":"2020-05-15T07:24:19","slug":"contacto","status":"publish","type":"page","link":"https:\/\/www.afitecol.com\/?page_id=12","title":{"rendered":"Contacto"},"content":{"rendered":"<p><strong>AFITECOL<\/strong><\/p>\n<p>Amigos de la Filatelia Tem\u00e1tica en Colombia<br \/>\nBogot\u00e1, D.C., Colombia<\/p>\n<p><strong>Responsable de la p\u00e1gina y contenidos:<\/strong><br \/>\nDr. Gerardo L\u00f3pez-Jurado<br \/>\nglopezj<a href=\"mailto:info@afitecol.com\">@afitecol.com<\/a><\/p>\n<p>https:\/\/www.afitecol.com\/<\/p>\n<p><strong>AFITECOL<\/strong> presenta esta p\u00e1gina Web tanto al p\u00fablico juvenil como a todos los filatelistas, para que se informen r\u00e1pida y puntualmente sobre temas de actualidad en el campo de la Filatelia Tem\u00e1tica.<\/p>\n<p><strong>AFITECOL <\/strong>se esfuerza en todo momento para proporcionarle una informaci\u00f3n amplia y detallada, en el campo de la Filatelia Tem\u00e1tica. En el supuesto caso de detectar alg\u00fan error, Afitecol intentar\u00e1 corregirlo en el menor tiempo posible.<\/p>\n<p><strong>AFITECOL<\/strong> <strong>NO<\/strong> puede garantizar que su p\u00e1gina Web est\u00e9 disponible continuamente en su totalidad. En caso de que Usted tuviera alguna pregunta t\u00e9cnica y\/o alg\u00fan problema t\u00e9cnico, por favor, cont\u00e1ctenos directamente por medio del E-Mail <script type=\"text\/javascript\">\/\/ <![CDATA[ &amp;lt;! var prefix = '&amp;#109;a' + 'i&amp;#108;' + '&amp;#116;o'; var path = 'hr' + 'ef' + '='; var addy93921 = '&amp;#105;nf&amp;#111;' + '&amp;#64;'; addy93921 = addy93921 + '&amp;#97;f&amp;#105;t&amp;#101;c&amp;#111;l' + '&amp;#46;' + 'c&amp;#111;m'; var addy_text93921 = '&amp;#105;nf&amp;#111;' + '&amp;#64;' + '&amp;#97;f&amp;#105;t&amp;#101;c&amp;#111;l' + '&amp;#46;' + 'c&amp;#111;m'; document.write( '&amp;lt;a ' + path + '\\'' + prefix + ':' + addy93921 + '\\'&amp;gt;' ); document.write( addy_text93921 ); document.write( '&amp;lt;\\\/a&amp;gt;' ); \/\/ &amp;gt;\\n \/\/ ]]><\/script>glopezj@afitecol.com<script type=\"text\/javascript\">\/\/ <![CDATA[ &amp;lt;! document.write( '&amp;lt;span style=\\'display: none;\\'&amp;gt;' ); \/\/ &amp;gt; \/\/ ]]><\/script><span style=\"display: none;\">This e-mail address is being protected from spambots, you need JavaScript enabled to view it <script type=\"text\/javascript\">\/\/ <![CDATA[ &amp;lt;! document.write( '&amp;lt;\/' ); document.write( 'span&amp;gt;' ); \/\/ &amp;gt; \/\/ ]]><\/script><\/span><\/p>\n<p><strong>Exoneraci\u00f3n de responsabilidad:<\/strong><\/p>\n<p><strong>AFITECOL<\/strong> indica de forma expresa, que no tiene ninguna influencia sobre la informaci\u00f3n y contenidos de las p\u00e1ginas enlazadas. Por ello, con esta exoneraci\u00f3n Afitecol se distancia expresamente de todos los contenidos de todas las p\u00e1ginas Web externas.<\/p>\n<p><strong>Registro y procesamiento de datos personales:<\/strong><\/p>\n<p>Para <span style=\"color: #333333;\">recibir noticias de eventos, <\/span><span style=\"color: #333333;\">contribuir al desarrollo de esta p\u00e1gina web con art\u00edculos de inter\u00e9s, entrevistas, entre otros, y <\/span><span style=\"color: #333333;\"><span style=\"color: #333333;\">compartir con nosotros sus experiencias e ideas, no dude ponerse en contacto con <\/span>nosotros.<\/span><\/p>\n<p><span style=\"color: #333333;\">Los datos <\/span>referentes a personas s\u00f3lo se registrar\u00e1n en esta p\u00e1gina en un \u00e1mbito t\u00e9cnico necesario y no ser\u00e1n transmitidos a terceros.<\/p>\n<p>Naturalmente Usted tiene la posibilidad de exigir en cualquier momento la anulaci\u00f3n de sus datos o comentarios. En este impreso encontrar\u00e1 la direcci\u00f3n de <strong>AFITECOL<\/strong>. glopezj@afitecol.com<\/p>\n<p>&nbsp;<\/p>\n","protected":false},"excerpt":{"rendered":"<p>AFITECOL Amigos de la Filatelia Tem\u00e1tica en Colombia Bogot\u00e1, D.C., Colombia Responsable de la p\u00e1gina y contenidos: Dr. Gerardo L\u00f3pez-Jurado glopezj@afitecol.com https:\/\/www.afitecol.com\/ AFITECOL presenta esta p\u00e1gina Web tanto al p\u00fablico juvenil como a todos los filatelistas, para que se informen r\u00e1pida y puntualmente sobre temas de actualidad en el campo de la Filatelia Tem\u00e1tica. AFITECOL &hellip; <a href=\"https:\/\/www.afitecol.com\/?page_id=12\" class=\"more-link\">Continuar leyendo<span class=\"screen-reader-text\"> \u00abContacto\u00bb<\/span><\/a><\/p>\n","protected":false},"author":2,"featured_media":0,"parent":0,"menu_order":5,"comment_status":"closed","ping_status":"open","template":"","meta":{"footnotes":""},"class_list":["post-12","page","type-page","status-publish","hentry"],"_links":{"self":[{"href":"https:\/\/www.afitecol.com\/index.php?rest_route=\/wp\/v2\/pages\/12"}],"collection":[{"href":"https:\/\/www.afitecol.com\/index.php?rest_route=\/wp\/v2\/pages"}],"about":[{"href":"https:\/\/www.afitecol.com\/index.php?rest_route=\/wp\/v2\/types\/page"}],"author":[{"embeddable":true,"href":"https:\/\/www.afitecol.com\/index.php?rest_route=\/wp\/v2\/users\/2"}],"replies":[{"embeddable":true,"href":"https:\/\/www.afitecol.com\/index.php?rest_route=%2Fwp%2Fv2%2Fcomments&post=12"}],"version-history":[{"count":15,"href":"https:\/\/www.afitecol.com\/index.php?rest_route=\/wp\/v2\/pages\/12\/revisions"}],"predecessor-version":[{"id":13734,"href":"https:\/\/www.afitecol.com\/index.php?rest_route=\/wp\/v2\/pages\/12\/revisions\/13734"}],"wp:attachment":[{"href":"https:\/\/www.afitecol.com\/index.php?rest_route=%2Fwp%2Fv2%2Fmedia&parent=12"}],"curies":[{"name":"wp","href":"https:\/\/api.w.org\/{rel}","templated":true}]}}